rime factors of 1700209.
7, 242887
List the prime factors of 9349339.
23, 29, 107, 131
What are the prime factors of 17075674?
2, 7, 11, 110881
What are the prime factors of 235220?
2, 5, 19, 619
List the prime factors of 17202102.
2, 3, 2867017
List the prime factors of 90856.
2, 41, 277
What are the prime factors of 447438?
2, 3, 74573
What are the prime factors of 226283?
226283
What are the prime factors of 120649?
17, 47, 151
List the prime factors of 140823.
3, 15647
What are the prime factors of 781296?
2, 3, 41, 397
What are the prime factors of 405076?
2, 7, 17, 23, 37
What are the prime factors of 8045180?
2, 5, 11, 13, 29, 97
List the prime factors of 12584846.
2, 1021, 6163
What are the prime factors of 511145?
5, 102229
List the prime factors of 321719.
433, 743
What are the prime factors of 2239565?
5, 307, 1459
What are the prime factors of 1680061?
641, 2621
List the prime factors of 385847.
7, 11, 5011
What are the prime factors of 6772028?
2, 23, 73609
What are the prime factors of 360038?
2, 7, 25717
What are the prime factors of 1548656?
2, 151, 641
List the prime factors of 21078970.
2, 5, 11, 191627
List the prime factors of 1212071.
7, 347, 499
What are the prime factors of 14413644?
2, 3, 7, 8171
List the prime factors of 261897.
3, 87299
List the prime factors of 4689020.
2, 5, 7, 33493
List the prime factors of 11600769.
3, 3866923
What are the prime factors of 17859778?
2, 431, 20719
What are the prime factors of 27174068?
2, 6793517
What are the prime factors of 36570231?
3, 19, 71287
What are the prime factors of 355639?
71, 5009
What are the prime factors of 545212?
2, 136303
What are the prime factors of 2053586?
2, 83, 89, 139
List the prime factors of 37255662.
2, 3, 29, 149, 479
What are the prime factors of 159272?
2, 43, 463
List the prime factors of 11885.
5, 2377
What are the prime factors of 145721?
145721
What are the prime factors of 4119?
3, 1373
What are the prime factors of 275241?
3, 23, 3989
What are the prime factors of 4753099?
13, 59, 6197
List the prime factors of 570853.
570853
List the prime factors of 541786.
2, 7, 38699
List the prime factors of 529545.
3, 5, 43, 821
What are the prime factors of 20517112?
2, 7, 11, 19, 1753
List the prime factors of 351828.
2, 3, 29, 337
List the prime factors of 1735477.
1735477
List the prime factors of 2712052.
2, 7, 101, 137
List the prime factors of 1239199.
13, 19, 29, 173
What are the prime factors of 4173752?
2, 11, 43, 1103
What are the prime factors of 6494524?
2, 1623631
List the prime factors of 100483.
100483
List the prime factors of 938391.
3, 19, 101, 163
What are the prime factors of 248913?
3, 7, 439
List the prime factors of 1728482.
2, 7, 331, 373
List the prime factors of 552220.
2, 5, 27611
List the prime factors of 13147677.
3, 19, 8543
List the prime factors of 2499547.
43, 58129
List the prime factors of 2253578.
2, 157, 7177
What are the prime factors of 8618984?
2, 11, 97943
List the prime factors of 131700.
2, 3, 5, 439
What are the prime factors of 207109?
7, 29587
List the prime factors of 2907181.
2907181
What are the prime factors of 11662908?
2, 3, 683, 1423
List the prime factors of 30589753.
19, 283, 5689
What are the prime factors of 1020286?
2, 61, 8363
What are the prime factors of 2703021?
3, 901007
What are the prime factors of 3392014?
2, 29, 233, 251
What are the prime factors of 983034?
2, 3, 13, 4201
What are the prime factors of 464271?
3, 43, 59, 61
What are the prime factors of 5021671?
173, 29027
What are the prime factors of 18282482?
2, 43, 212587
What are the prime factors of 6158899?
1483, 4153
List the prime factors of 8625177.
3, 11, 113, 257
What are the prime factors of 18420?
2, 3, 5, 307
List the prime factors of 1105722.
2, 3, 47, 1307
List the prime factors of 18544983.
3, 1783, 3467
List the prime factors of 46674.
2, 3, 2593
What are the prime factors of 12967666?
2, 6483833
What are the prime factors of 17292716?
2, 7, 211, 2927
What are the prime factors of 14450538?
2, 3, 1187, 2029
List the prime factors of 437223.
3, 17, 8573
What are the prime factors of 1354781?
17, 79693
List the prime factors of 311924.
2, 29, 2689
What are the prime factors of 3267009?
3, 17, 131, 163
List the prime factors of 1947816.
2, 3, 13, 2081
List the prime factors of 3490911.
3, 129293
What are the prime factors of 2376367?
7, 31, 47, 233
What are the prime factors of 531?
3, 59
What are the prime factors of 2051685?
3, 5, 127, 359
What are the prime factors of 1769292?
2, 3, 7, 17, 59
What are the prime factors of 31410339?
3, 17, 43, 14323
List the prime factors of 749120.
2, 5, 2341
List the prime factors of 774289.
774289
List the prime factors of 166070.
2, 5, 16607
What are the prime factors of 860964?
2, 3, 13, 5519
What are the prime factors of 449590?
2, 5, 44959
What are the prime factors of 53863?
61, 883
What are the prime factors of 938265?
3, 5, 71, 881
What are the prime factors of 4309179?
3, 7, 157, 1307
What are the prime factors of 3286287?
3, 17, 47, 457
What are the prime factors of 2490033?
3, 7, 13, 1303
What are the prime factors of 58931?
31, 1901
What are the prime factors of 519391?
519391
What are the prime factors of 340394?
2, 170197
List the prime factors of 1532479.
13, 117883
What are the prime factors of 27700499?
19, 1457921
List the prime factors of 12127796.
2, 3031949
What are the prime factors of 371055?
3, 5, 29, 853
List the prime factors of 76762.
2, 7, 5483
What are the prime factors of 2282620?
2, 5, 61, 1871
List the prime factors of 600090.
2, 3, 5, 83, 241
What are the prime factors of 25104531?
3, 257, 32561
List the prime factors of 796354.
2, 13, 109, 281
List the prime factors of 4158012.
2, 3, 346501
List the prime factors of 446537.
7, 13, 701
What are the prime factors of 4969201?
109, 45589
What are the prime factors of 1344476?
2, 7, 48017
List the prime factors of 154073.
154073
List the prime factors of 433050.
2, 3, 5, 2887
List the prime factors of 12643061.
379, 33359
List the prime factors of 1572710.
2, 5, 157271
List the prime factors of 7899867.
3, 151, 5813
What are the prime factors of 4204237?
4204237
What are the prime factors of 922880?
2, 5, 7, 103
What are the prime factors of 203240?
2, 5, 5081
List the prime factors of 404021.
404021
List the prime factors of 24921279.
3, 2769031
What are the prime factors of 250127?
389, 643
What are the prime factors of 2708179?
103, 26293
List the prime factors of 3826500.
2, 3, 5, 2551
List the prime factors of 13611174.
2, 3, 61, 37189
List the prime factors of 38150322.
2, 3, 7, 129763
What are the prime factors of 237705?
3, 5, 13, 23, 53
List the prime factors of 260302.
2, 7, 18593
List the prime factors of 30660.
2, 3, 5, 7, 73
List the prime factors of 10953870.
2, 3, 5, 365129
What are the prime factors of 45346?
2, 7, 41, 79
What are the prime factors of 502595?
5, 100519
List the prime factors of 2673666.
2, 3, 148537
What are the prime factors of 278326?
2, 317, 439
List the prime factors of 2346284.
2, 586571
List the prime factors of 6656271.
3, 43, 51599
List the prime factors of 370191.
3, 123397
List the prime factors of 255490.
2, 5, 29, 881
What are the prime factors of 981566?
2, 490783
List the prime factors of 945170.
2, 5, 47, 2011
What are the prime factors of 4001259?
3, 191, 6983
What are the prime factors of 274787?
274787
What are the prime factors of 769587?
3, 7, 13, 2819
What are the prime factors of 1537205?
5, 23, 13367
List the prime factors of 154071.
3, 17, 19, 53
List the prime factors of 2254355.
5, 47, 53, 181
What are the prime factors of 5489018?
2, 2744509
What are the prime factors of 2524296?
2, 3, 17, 23, 269
What are the prime factors of 189881?
189881
What are the prime factors of 1465981?
11, 133271
What are the prime factors of 18190041?
3, 6063347
List the prime factors of 14715.
3, 5, 109
What are the prime factors of 3024959?
7, 432137
What are the prime factors of 3781136?
2, 29, 281
List the prime factors of 650916.
2, 3, 7, 41
What are the prime factors of 4701502?
2, 13, 211, 857
What are the prime factors of 448404?
2, 3, 11, 43, 79
What are the prime factors of 7309791?
3, 23, 79, 149
What are the prime factors of 13604536?
2, 11, 31, 4987